{"id":1098,"date":"2019-07-29T08:16:08","date_gmt":"2019-07-29T08:16:08","guid":{"rendered":"http:\/\/source.wpopal.com\/witalk\/?page_id=1098"},"modified":"2025-06-10T21:20:17","modified_gmt":"2025-06-11T02:20:17","slug":"about-us","status":"publish","type":"page","link":"https:\/\/congresobicentenario.gloriososancarlos.edu.pe\/?page_id=1098","title":{"rendered":"Comit\u00e9 Organizador"},"content":{"rendered":"\t\t<div data-elementor-type=\"wp-post\" data-elementor-id=\"1098\" class=\"elementor elementor-1098\" data-elementor-post-type=\"page\">\n\t\t\t\t\t\t<div class=\"elementor-section elementor-top-section elementor-element elementor-element-0b66775 elementor-section-boxed elementor-section-height-default elementor-section-height-default\" data-id=\"0b66775\" data-element_type=\"section\">\n\t\t\t\t\t\t<div class=\"elementor-container elementor-column-gap-no\">\n\t\t\t\t\t<div class=\"elementor-column elementor-col-50 elementor-top-column elementor-element elementor-element-44b8f73\" data-id=\"44b8f73\" data-element_type=\"column\">\n\t\t\t<div class=\"elementor-widget-wrap elementor-element-populated\">\n\t\t\t\t\t\t<div class=\"elementor-element elementor-element-e92079e elementor-widget elementor-widget-image\" data-id=\"e92079e\" data-element_type=\"widget\" data-widget_type=\"image.default\">\n\t\t\t\t<div class=\"elementor-widget-container\">\n\t\t\t\t\t\t\t\t\t\t\t\t\t\t\t<img fetchpriority=\"high\" decoding=\"async\" width=\"1600\" height=\"901\" src=\"https:\/\/congresobicentenario.gloriososancarlos.edu.pe\/wp-content\/uploads\/2025\/06\/WhatsApp-Image-2025-05-29-at-13.37.57.jpeg\" class=\"attachment-full size-full wp-image-4419\" alt=\"\" srcset=\"https:\/\/congresobicentenario.gloriososancarlos.edu.pe\/wp-content\/uploads\/2025\/06\/WhatsApp-Image-2025-05-29-at-13.37.57.jpeg 1600w, https:\/\/congresobicentenario.gloriososancarlos.edu.pe\/wp-content\/uploads\/2025\/06\/WhatsApp-Image-2025-05-29-at-13.37.57-300x169.jpeg 300w, https:\/\/congresobicentenario.gloriososancarlos.edu.pe\/wp-content\/uploads\/2025\/06\/WhatsApp-Image-2025-05-29-at-13.37.57-1024x577.jpeg 1024w, https:\/\/congresobicentenario.gloriososancarlos.edu.pe\/wp-content\/uploads\/2025\/06\/WhatsApp-Image-2025-05-29-at-13.37.57-768x432.jpeg 768w, https:\/\/congresobicentenario.gloriososancarlos.edu.pe\/wp-content\/uploads\/2025\/06\/WhatsApp-Image-2025-05-29-at-13.37.57-1536x865.jpeg 1536w, https:\/\/congresobicentenario.gloriososancarlos.edu.pe\/wp-content\/uploads\/2025\/06\/WhatsApp-Image-2025-05-29-at-13.37.57-400x225.jpeg 400w, https:\/\/congresobicentenario.gloriososancarlos.edu.pe\/wp-content\/uploads\/2025\/06\/WhatsApp-Image-2025-05-29-at-13.37.57-270x152.jpeg 270w\" sizes=\"(max-width: 1600px) 100vw, 1600px\" \/>\t\t\t\t\t\t\t\t\t\t\t\t\t\t\t<\/div>\n\t\t\t\t<\/div>\n\t\t\t\t\t<\/div>\n\t\t<\/div>\n\t\t\t\t<div class=\"elementor-column elementor-col-50 elementor-top-column elementor-element elementor-element-d188f1b\" data-id=\"d188f1b\" data-element_type=\"column\">\n\t\t\t<div class=\"elementor-widget-wrap elementor-element-populated\">\n\t\t\t\t\t\t<div class=\"elementor-element elementor-element-b0631a4 elementor-widget elementor-widget-text-editor\" data-id=\"b0631a4\" data-element_type=\"widget\" data-widget_type=\"text-editor.default\">\n\t\t\t\t<div class=\"elementor-widget-container\">\n\t\t\t\t\t        <div class=\"elementor-text-editor elementor-clearfix\"><p>Somos la comsion organizadora de este gran evento historico.<\/p><\/div>\n        \t\t\t\t<\/div>\n\t\t\t\t<\/div>\n\t\t\t\t<div class=\"elementor-element elementor-element-12472ee elementor-widget elementor-widget-text-editor\" data-id=\"12472ee\" data-element_type=\"widget\" data-widget_type=\"text-editor.default\">\n\t\t\t\t<div class=\"elementor-widget-container\">\n\t\t\t\t\t        <div class=\"elementor-text-editor elementor-clearfix\"><\/div>\n        \t\t\t\t<\/div>\n\t\t\t\t<\/div>\n\t\t\t\t<div class=\"elementor-section elementor-inner-section elementor-element elementor-element-2f8a227 elementor-section-content-middle elementor-section-boxed elementor-section-height-default elementor-section-height-default\" data-id=\"2f8a227\" data-element_type=\"section\">\n\t\t\t\t\t\t<div class=\"elementor-container elementor-column-gap-no\">\n\t\t\t\t\t<div class=\"elementor-column elementor-col-50 elementor-inner-column elementor-element elementor-element-a832016\" data-id=\"a832016\" data-element_type=\"column\">\n\t\t\t<div class=\"elementor-widget-wrap elementor-element-populated\">\n\t\t\t\t\t\t<div class=\"elementor-element elementor-element-22572f0 elementor-view-default elementor-widget elementor-widget-icon\" data-id=\"22572f0\" data-element_type=\"widget\" data-widget_type=\"icon.default\">\n\t\t\t\t<div class=\"elementor-widget-container\">\n\t\t\t\t\t\t\t<div class=\"elementor-icon-wrapper\">\n\t\t\t<div class=\"elementor-icon\">\n\t\t\t<svg aria-hidden=\"true\" class=\"e-font-icon-svg e-fas-comments\" viewBox=\"0 0 576 512\" xmlns=\"http:\/\/www.w3.org\/2000\/svg\"><path d=\"M416 192c0-88.4-93.1-160-208-160S0 103.6 0 192c0 34.3 14.1 65.9 38 92-13.4 30.2-35.5 54.2-35.8 54.5-2.2 2.3-2.8 5.7-1.5 8.7S4.8 352 8 352c36.6 0 66.9-12.3 88.7-25 32.2 15.7 70.3 25 111.3 25 114.9 0 208-71.6 208-160zm122 220c23.9-26 38-57.7 38-92 0-66.9-53.5-124.2-129.3-148.1.9 6.6 1.3 13.3 1.3 20.1 0 105.9-107.7 192-240 192-10.8 0-21.3-.8-31.7-1.9C207.8 439.6 281.8 480 368 480c41 0 79.1-9.2 111.3-25 21.8 12.7 52.1 25 88.7 25 3.2 0 6.1-1.9 7.3-4.8 1.3-2.9.7-6.3-1.5-8.7-.3-.3-22.4-24.2-35.8-54.5z\"><\/path><\/svg>\t\t\t<\/div>\n\t\t<\/div>\n\t\t\t\t\t\t<\/div>\n\t\t\t\t<\/div>\n\t\t\t\t\t<\/div>\n\t\t<\/div>\n\t\t\t\t<div class=\"elementor-column elementor-col-50 elementor-inner-column elementor-element elementor-element-08eae71\" data-id=\"08eae71\" data-element_type=\"column\">\n\t\t\t<div class=\"elementor-widget-wrap elementor-element-populated\">\n\t\t\t\t\t\t<div class=\"elementor-element elementor-element-c0629d5 elementor-widget elementor-widget-text-editor\" data-id=\"c0629d5\" data-element_type=\"widget\" data-widget_type=\"text-editor.default\">\n\t\t\t\t<div class=\"elementor-widget-container\">\n\t\t\t\t\t        <div class=\"elementor-text-editor elementor-clearfix\"><p>Mensaje<\/p><\/div>\n        \t\t\t\t<\/div>\n\t\t\t\t<\/div>\n\t\t\t\t<div class=\"elementor-element elementor-element-cdf898a elementor-widget elementor-widget-text-editor\" data-id=\"cdf898a\" data-element_type=\"widget\" data-widget_type=\"text-editor.default\">\n\t\t\t\t<div class=\"elementor-widget-container\">\n\t\t\t\t\t        <div class=\"elementor-text-editor elementor-clearfix\"><p>200 a\u00f1os de Historia al serivicio de la Educaci\u00f3n.<\/p><\/div>\n        \t\t\t\t<\/div>\n\t\t\t\t<\/div>\n\t\t\t\t\t<\/div>\n\t\t<\/div>\n\t\t\t\t\t<\/div>\n\t\t<\/div>\n\t\t\t\t\t<\/div>\n\t\t<\/div>\n\t\t\t\t\t<\/div>\n\t\t<\/div>\n\t\t\t\t<div class=\"elementor-section elementor-top-section elementor-element elementor-element-a9f7403 elementor-section-boxed elementor-section-height-default elementor-section-height-default\" data-id=\"a9f7403\" data-element_type=\"section\">\n\t\t\t\t\t\t<div class=\"elementor-container elementor-column-gap-no\">\n\t\t\t\t\t<div class=\"elementor-column elementor-col-100 elementor-top-column elementor-element elementor-element-7083ffb\" data-id=\"7083ffb\" data-element_type=\"column\">\n\t\t\t<div class=\"elementor-widget-wrap elementor-element-populated\">\n\t\t\t\t\t\t<div class=\"elementor-element elementor-element-a29dcef elementor-align-left elementor-mobile-align-center elementor-widget elementor-widget-heading\" data-id=\"a29dcef\" data-element_type=\"widget\" data-widget_type=\"heading.default\">\n\t\t\t\t<div class=\"elementor-widget-container\">\n\t\t\t\t\t<h2 class=\"elementor-heading-title elementor-size-default\">Comit\u00e9<\/h2><span class=\"sub-title\">Organizador<\/span>\t\t\t\t<\/div>\n\t\t\t\t<\/div>\n\t\t\t\t\t<\/div>\n\t\t<\/div>\n\t\t\t\t\t<\/div>\n\t\t<\/div>\n\t\t<div class=\"elementor-element elementor-element-65f5418 e-flex e-con-boxed e-con e-parent\" data-id=\"65f5418\" data-element_type=\"container\">\n\t\t\t\t\t<div class=\"e-con-inner\">\n\t\t<div class=\"elementor-element elementor-element-7c84834 e-con-full e-flex e-con e-child\" data-id=\"7c84834\" data-element_type=\"container\">\n\t\t\t\t<div class=\"elementor-element elementor-element-538df9a elementor-widget-tablet__width-auto elementor-widget-mobile__width-inherit elementor-widget elementor-widget-opal-team-box\" data-id=\"538df9a\" data-element_type=\"widget\" data-widget_type=\"opal-team-box.default\">\n\t\t\t\t<div class=\"elementor-widget-container\">\n\t\t\t\t\t        <div class=\"elementor-teams-wrapper\">\n            <div class=\"elementor-team-item\">\n                \n        <div class=\"elementor-team-meta-inner\">\n            <div class=\"elementor-team-image\">\n                            <\/div>\n            <div class=\"elementor-team-details\">\n                <div class=\"elementor-team-name\">Presidencia<\/div>\n                <div class=\"elementor-team-job\"><\/div>\n                <div class=\"elementor-team-socials\">\n                    <ul class=\"team-icon-socials\">\n                                                                                                                                                                                                                                                                                                                <\/ul>\n                <\/div>\n            <\/div>\n        <\/div>\n                    <\/div>\n        <\/div>\n        \t\t\t\t<\/div>\n\t\t\t\t<\/div>\n\t\t\t\t<div class=\"elementor-element elementor-element-b48cd0b elementor-widget elementor-widget-text-editor\" data-id=\"b48cd0b\" data-element_type=\"widget\" data-widget_type=\"text-editor.default\">\n\t\t\t\t<div class=\"elementor-widget-container\">\n\t\t\t\t\t        <div class=\"elementor-text-editor elementor-clearfix\"><ul><li>Directora: Prof. Teresa Zantina PILCO MONTES DE OCA.<\/li><\/ul><\/div>\n        \t\t\t\t<\/div>\n\t\t\t\t<\/div>\n\t\t\t\t<\/div>\n\t\t<div class=\"elementor-element elementor-element-b2bb575 e-con-full e-flex e-con e-child\" data-id=\"b2bb575\" data-element_type=\"container\">\n\t\t\t\t<div class=\"elementor-element elementor-element-75bb91b elementor-widget-tablet__width-auto elementor-widget-mobile__width-inherit elementor-widget__width-initial elementor-widget elementor-widget-opal-team-box\" data-id=\"75bb91b\" data-element_type=\"widget\" data-widget_type=\"opal-team-box.default\">\n\t\t\t\t<div class=\"elementor-widget-container\">\n\t\t\t\t\t        <div class=\"elementor-teams-wrapper\">\n            <div class=\"elementor-team-item\">\n                \n        <div class=\"elementor-team-meta-inner\">\n            <div class=\"elementor-team-image\">\n                            <\/div>\n            <div class=\"elementor-team-details\">\n                <div class=\"elementor-team-name\">Vicepresidencia<\/div>\n                <div class=\"elementor-team-job\"><\/div>\n                <div class=\"elementor-team-socials\">\n                    <ul class=\"team-icon-socials\">\n                                                                                                                                                                                                                                                                                                                <\/ul>\n                <\/div>\n            <\/div>\n        <\/div>\n                    <\/div>\n        <\/div>\n        \t\t\t\t<\/div>\n\t\t\t\t<\/div>\n\t\t\t\t<div class=\"elementor-element elementor-element-b800ba9 elementor-widget elementor-widget-text-editor\" data-id=\"b800ba9\" data-element_type=\"widget\" data-widget_type=\"text-editor.default\">\n\t\t\t\t<div class=\"elementor-widget-container\">\n\t\t\t\t\t        <div class=\"elementor-text-editor elementor-clearfix\"><ul><li>Prof. Milton Elmer Alzamora Ju\u00e1rez.<\/li><\/ul><\/div>\n        \t\t\t\t<\/div>\n\t\t\t\t<\/div>\n\t\t\t\t<\/div>\n\t\t<div class=\"elementor-element elementor-element-94512eb e-con-full e-flex e-con e-child\" data-id=\"94512eb\" data-element_type=\"container\">\n\t\t\t\t<div class=\"elementor-element elementor-element-5f91e59 elementor-widget-tablet__width-auto elementor-widget-mobile__width-inherit elementor-widget__width-initial elementor-widget elementor-widget-opal-team-box\" data-id=\"5f91e59\" data-element_type=\"widget\" data-widget_type=\"opal-team-box.default\">\n\t\t\t\t<div class=\"elementor-widget-container\">\n\t\t\t\t\t        <div class=\"elementor-teams-wrapper\">\n            <div class=\"elementor-team-item\">\n                \n        <div class=\"elementor-team-meta-inner\">\n            <div class=\"elementor-team-image\">\n                            <\/div>\n            <div class=\"elementor-team-details\">\n                <div class=\"elementor-team-name\">\u2022\tComit\u00e9 Cient\u00edfico-Acad\u00e9mico<\/div>\n                <div class=\"elementor-team-job\"><\/div>\n                <div class=\"elementor-team-socials\">\n                    <ul class=\"team-icon-socials\">\n                                                                                                                                                                                                                                                                                                                <\/ul>\n                <\/div>\n            <\/div>\n        <\/div>\n                    <\/div>\n        <\/div>\n        \t\t\t\t<\/div>\n\t\t\t\t<\/div>\n\t\t\t\t<div class=\"elementor-element elementor-element-68d665d elementor-widget elementor-widget-text-editor\" data-id=\"68d665d\" data-element_type=\"widget\" data-widget_type=\"text-editor.default\">\n\t\t\t\t<div class=\"elementor-widget-container\">\n\t\t\t\t\t        <div class=\"elementor-text-editor elementor-clearfix\"><ul><li>Presidente(a): Prof. Julio Alberto Tacuri Valdez.<\/li><li>Miembros: Ciencias Sociales, DPCC y Educaci\u00f3n Religiosa.<\/li><\/ul><\/div>\n        \t\t\t\t<\/div>\n\t\t\t\t<\/div>\n\t\t\t\t<\/div>\n\t\t<div class=\"elementor-element elementor-element-aa6e671 e-con-full e-flex e-con e-child\" data-id=\"aa6e671\" data-element_type=\"container\">\n\t\t\t\t<div class=\"elementor-element elementor-element-0c8a5c6 elementor-widget-tablet__width-auto elementor-widget-mobile__width-inherit elementor-widget elementor-widget-opal-team-box\" data-id=\"0c8a5c6\" data-element_type=\"widget\" data-widget_type=\"opal-team-box.default\">\n\t\t\t\t<div class=\"elementor-widget-container\">\n\t\t\t\t\t        <div class=\"elementor-teams-wrapper\">\n            <div class=\"elementor-team-item\">\n                \n        <div class=\"elementor-team-meta-inner\">\n            <div class=\"elementor-team-image\">\n                            <\/div>\n            <div class=\"elementor-team-details\">\n                <div class=\"elementor-team-name\">\u2022\tComit\u00e9 de Log\u00edstica: <\/div>\n                <div class=\"elementor-team-job\"><\/div>\n                <div class=\"elementor-team-socials\">\n                    <ul class=\"team-icon-socials\">\n                                                                                                                                                                                                                                                                                                                <\/ul>\n                <\/div>\n            <\/div>\n        <\/div>\n                    <\/div>\n        <\/div>\n        \t\t\t\t<\/div>\n\t\t\t\t<\/div>\n\t\t\t\t<div class=\"elementor-element elementor-element-881d71f elementor-widget elementor-widget-text-editor\" data-id=\"881d71f\" data-element_type=\"widget\" data-widget_type=\"text-editor.default\">\n\t\t\t\t<div class=\"elementor-widget-container\">\n\t\t\t\t\t        <div class=\"elementor-text-editor elementor-clearfix\"><ul><li>Presidente(a): Prof. Efra\u00edn Tacca Pumacajia.<\/li><li>Miembros: CONEI, Sr. Omar Ramiro Lipa Tudela \u2013 \u00e1rea Matem\u00e1tica \u2013 \u00e1rea Ciencia y Tecnolog\u00eda \u2013 modalidad EBA.<\/li><\/ul><\/div>\n        \t\t\t\t<\/div>\n\t\t\t\t<\/div>\n\t\t\t\t<\/div>\n\t\t\t\t\t<\/div>\n\t\t\t\t<\/div>\n\t\t<div class=\"elementor-element elementor-element-b7eb9b0 e-flex e-con-boxed e-con e-parent\" data-id=\"b7eb9b0\" data-element_type=\"container\">\n\t\t\t\t\t<div class=\"e-con-inner\">\n\t\t<div class=\"elementor-element elementor-element-95b9f8f e-con-full e-flex e-con e-child\" data-id=\"95b9f8f\" data-element_type=\"container\">\n\t\t\t\t<div class=\"elementor-element elementor-element-468d42c elementor-widget-tablet__width-auto elementor-widget-mobile__width-inherit elementor-widget elementor-widget-opal-team-box\" data-id=\"468d42c\" data-element_type=\"widget\" data-widget_type=\"opal-team-box.default\">\n\t\t\t\t<div class=\"elementor-widget-container\">\n\t\t\t\t\t        <div class=\"elementor-teams-wrapper\">\n            <div class=\"elementor-team-item\">\n                \n        <div class=\"elementor-team-meta-inner\">\n            <div class=\"elementor-team-image\">\n                            <\/div>\n            <div class=\"elementor-team-details\">\n                <div class=\"elementor-team-name\">\u2022\tComit\u00e9 de Comunicaci\u00f3n y Marketing<\/div>\n                <div class=\"elementor-team-job\"><\/div>\n                <div class=\"elementor-team-socials\">\n                    <ul class=\"team-icon-socials\">\n                                                                                                                                                                                                                                                                                                                <\/ul>\n                <\/div>\n            <\/div>\n        <\/div>\n                    <\/div>\n        <\/div>\n        \t\t\t\t<\/div>\n\t\t\t\t<\/div>\n\t\t\t\t<div class=\"elementor-element elementor-element-1d31d99 elementor-widget elementor-widget-text-editor\" data-id=\"1d31d99\" data-element_type=\"widget\" data-widget_type=\"text-editor.default\">\n\t\t\t\t<div class=\"elementor-widget-container\">\n\t\t\t\t\t        <div class=\"elementor-text-editor elementor-clearfix\"><ul><li>Presidente(a): Prof. Vidal Flores Coila.<\/li><li>Miembros: Prof. Jhony Grande, DAIP \u2013 EPT<\/li><\/ul><\/div>\n        \t\t\t\t<\/div>\n\t\t\t\t<\/div>\n\t\t\t\t<\/div>\n\t\t<div class=\"elementor-element elementor-element-1938948 e-con-full e-flex e-con e-child\" data-id=\"1938948\" data-element_type=\"container\">\n\t\t\t\t<div class=\"elementor-element elementor-element-aee0735 elementor-widget-tablet__width-auto elementor-widget-mobile__width-inherit elementor-widget__width-initial elementor-widget elementor-widget-opal-team-box\" data-id=\"aee0735\" data-element_type=\"widget\" data-widget_type=\"opal-team-box.default\">\n\t\t\t\t<div class=\"elementor-widget-container\">\n\t\t\t\t\t        <div class=\"elementor-teams-wrapper\">\n            <div class=\"elementor-team-item\">\n                \n        <div class=\"elementor-team-meta-inner\">\n            <div class=\"elementor-team-image\">\n                            <\/div>\n            <div class=\"elementor-team-details\">\n                <div class=\"elementor-team-name\">\u2022\tComit\u00e9 Cultural y Art\u00edstico<\/div>\n                <div class=\"elementor-team-job\"><\/div>\n                <div class=\"elementor-team-socials\">\n                    <ul class=\"team-icon-socials\">\n                                                                                                                                                                                                                                                                                                                <\/ul>\n                <\/div>\n            <\/div>\n        <\/div>\n                    <\/div>\n        <\/div>\n        \t\t\t\t<\/div>\n\t\t\t\t<\/div>\n\t\t\t\t<div class=\"elementor-element elementor-element-4d57a9f elementor-widget elementor-widget-text-editor\" data-id=\"4d57a9f\" data-element_type=\"widget\" data-widget_type=\"text-editor.default\">\n\t\t\t\t<div class=\"elementor-widget-container\">\n\t\t\t\t\t        <div class=\"elementor-text-editor elementor-clearfix\"><ul><li>Presidente(a): Prof. Cesar Augusto Sucari Quispe.<\/li><li>Miembros: \u00e1rea Comunicaci\u00f3n, Arte e ingl\u00e9s, \u00e1rea Educaci\u00f3n F\u00edsica, nivel Primaria.<\/li><\/ul><\/div>\n        \t\t\t\t<\/div>\n\t\t\t\t<\/div>\n\t\t\t\t<\/div>\n\t\t<div class=\"elementor-element elementor-element-174c2de e-con-full e-flex e-con e-child\" data-id=\"174c2de\" data-element_type=\"container\">\n\t\t\t\t<div class=\"elementor-element elementor-element-22ebfaf elementor-widget-tablet__width-auto elementor-widget-mobile__width-inherit elementor-widget__width-initial elementor-widget elementor-widget-opal-team-box\" data-id=\"22ebfaf\" data-element_type=\"widget\" data-widget_type=\"opal-team-box.default\">\n\t\t\t\t<div class=\"elementor-widget-container\">\n\t\t\t\t\t        <div class=\"elementor-teams-wrapper\">\n            <div class=\"elementor-team-item\">\n                \n        <div class=\"elementor-team-meta-inner\">\n            <div class=\"elementor-team-image\">\n                            <\/div>\n            <div class=\"elementor-team-details\">\n                <div class=\"elementor-team-name\">\u2022\tComit\u00e9 de Econom\u00eda y Finanzas<\/div>\n                <div class=\"elementor-team-job\"><\/div>\n                <div class=\"elementor-team-socials\">\n                    <ul class=\"team-icon-socials\">\n                                                                                                                                                                                                                                                                                                                <\/ul>\n                <\/div>\n            <\/div>\n        <\/div>\n                    <\/div>\n        <\/div>\n        \t\t\t\t<\/div>\n\t\t\t\t<\/div>\n\t\t\t\t<div class=\"elementor-element elementor-element-a030172 elementor-widget elementor-widget-text-editor\" data-id=\"a030172\" data-element_type=\"widget\" data-widget_type=\"text-editor.default\">\n\t\t\t\t<div class=\"elementor-widget-container\">\n\t\t\t\t\t        <div class=\"elementor-text-editor elementor-clearfix\"><ul><li>Presidente(a): Prof. Lidia Espezua Andia.<\/li><li>Miembros: \u00c1rea de Ciencias Sociales y Educaci\u00f3n Religiosa.<\/li><\/ul><\/div>\n        \t\t\t\t<\/div>\n\t\t\t\t<\/div>\n\t\t\t\t<\/div>\n\t\t<div class=\"elementor-element elementor-element-dbfdc0b e-con-full e-flex e-con e-child\" data-id=\"dbfdc0b\" data-element_type=\"container\">\n\t\t\t\t<div class=\"elementor-element elementor-element-1be476c elementor-widget-tablet__width-auto elementor-widget-mobile__width-inherit elementor-widget elementor-widget-opal-team-box\" data-id=\"1be476c\" data-element_type=\"widget\" data-widget_type=\"opal-team-box.default\">\n\t\t\t\t<div class=\"elementor-widget-container\">\n\t\t\t\t\t        <div class=\"elementor-teams-wrapper\">\n            <div class=\"elementor-team-item\">\n                \n        <div class=\"elementor-team-meta-inner\">\n            <div class=\"elementor-team-image\">\n                            <\/div>\n            <div class=\"elementor-team-details\">\n                <div class=\"elementor-team-name\">\u2022\tComit\u00e9 de Disciplina y Primeros Auxilios <\/div>\n                <div class=\"elementor-team-job\"><\/div>\n                <div class=\"elementor-team-socials\">\n                    <ul class=\"team-icon-socials\">\n                                                                                                                                                                                                                                                                                                                <\/ul>\n                <\/div>\n            <\/div>\n        <\/div>\n                    <\/div>\n        <\/div>\n        \t\t\t\t<\/div>\n\t\t\t\t<\/div>\n\t\t\t\t<div class=\"elementor-element elementor-element-c393f60 elementor-widget elementor-widget-text-editor\" data-id=\"c393f60\" data-element_type=\"widget\" data-widget_type=\"text-editor.default\">\n\t\t\t\t<div class=\"elementor-widget-container\">\n\t\t\t\t\t        <div class=\"elementor-text-editor elementor-clearfix\"><ul><li>Presidente: Prof. Juli\u00e1n Quispe Solorzano y Prof. Willy Silvestre Onque Llanque.<\/li><li>Miembros: auxiliares y responsable de convivencia.<\/li><\/ul><\/div>\n        \t\t\t\t<\/div>\n\t\t\t\t<\/div>\n\t\t\t\t<\/div>\n\t\t\t\t\t<\/div>\n\t\t\t\t<\/div>\n\t\t\t\t<\/div>\n\t\t","protected":false},"excerpt":{"rendered":"<p>Somos la comsion organizadora de este gran evento historico. Mensaje 200 a\u00f1os de Historia al serivicio de la Educaci\u00f3n. Comit\u00e9 Organizador Presidencia Directora: Prof. Teresa Zantina PILCO MONTES DE OCA. Vicepresidencia Prof. Milton Elmer Alzamora Ju\u00e1rez. \u2022 Comit\u00e9 Cient\u00edfico-Acad\u00e9mico Presidente(a): Prof. Julio Alberto Tacuri Valdez. Miembros: Ciencias Sociales, DPCC y Educaci\u00f3n Religiosa. \u2022 Comit\u00e9 de &hellip; <span class=\"more-link-wrap\"><a href=\"https:\/\/congresobicentenario.gloriososancarlos.edu.pe\/?page_id=1098\" class=\"more-link\">Read More<span class=\"screen-reader-text\"> \u00abComit\u00e9 Organizador\u00bb<\/span><\/a><\/span><\/p>\n","protected":false},"author":1,"featured_media":0,"parent":0,"menu_order":0,"comment_status":"closed","ping_status":"closed","template":"page-elementor.php","meta":{"inline_featured_image":false,"footnotes":""},"class_list":["post-1098","page","type-page","status-publish","hentry"],"_links":{"self":[{"href":"https:\/\/congresobicentenario.gloriososancarlos.edu.pe\/index.php?rest_route=\/wp\/v2\/pages\/1098","targetHints":{"allow":["GET"]}}],"collection":[{"href":"https:\/\/congresobicentenario.gloriososancarlos.edu.pe\/index.php?rest_route=\/wp\/v2\/pages"}],"about":[{"href":"https:\/\/congresobicentenario.gloriososancarlos.edu.pe\/index.php?rest_route=\/wp\/v2\/types\/page"}],"author":[{"embeddable":true,"href":"https:\/\/congresobicentenario.gloriososancarlos.edu.pe\/index.php?rest_route=\/wp\/v2\/users\/1"}],"replies":[{"embeddable":true,"href":"https:\/\/congresobicentenario.gloriososancarlos.edu.pe\/index.php?rest_route=%2Fwp%2Fv2%2Fcomments&post=1098"}],"version-history":[{"count":0,"href":"https:\/\/congresobicentenario.gloriososancarlos.edu.pe\/index.php?rest_route=\/wp\/v2\/pages\/1098\/revisions"}],"wp:attachment":[{"href":"https:\/\/congresobicentenario.gloriososancarlos.edu.pe\/index.php?rest_route=%2Fwp%2Fv2%2Fmedia&parent=1098"}],"curies":[{"name":"wp","href":"https:\/\/api.w.org\/{rel}","templated":true}]}}